igit of d?
0
Let k be 35/(-2)*(-60)/(-25). What is the tens digit of ((-3)/(-2))/(k/(-1792))?
6
Suppose -181*p + 235*p - 222480 = 0. What is the units digit of p?
0
Let z(c) = -c**2 - 11*c - 20. Let f be z(-8). Suppose -3*d = f*n - 52, 0 = 3*d - 5*d + 4*n + 48. Suppose -3*i + d - 2 = 0. What is the units digit of i?
6
Suppose 132 = 6*n - 5*n. What is the units digit of n?
2
Let d = 61 + -61. Suppose d = -5*o - 25, -4*z = -5*o - 84 - 129. What is the units digit of z?
7
Let k be (3 - 1)*(-567)/18. Let y = 77 + k. What is the tens digit of y?
1
What is the units digit of (-28362)/(-150) - (-4)/(-50)?
9
Suppose -5*u + 61 = 216. Let x = 94 + u. What is the units digit of x?
3
Let m be 6 + (0 - 1) + 13. Suppose 24*i = m*i + 1008. What is the units digit of i?
8
Let q be (-320)/(-170) + 4/34. Suppose 0*g = 5*x + 4*g - 1248, -510 = -q*x + 2*g. Let r = -178 + x. What is the units digit of r?
4
Suppose -a + 8 = -3*m + 21, -5*a - 20 = 0. Suppose 2*l - 1 - 3 = -2*r, 14 = 5*r + m*l. Suppose r*t - 5*t = -25. What is the units digit of t?
5
Let t(h) = h**2 - h - 3. Let m be t(-4). Let p = 5 + m. Suppose q = -q + p. What is the units digit of q?
1
Suppose 3 = -m + 2*q - 4, -m + 5 = q. Let b(y) = -5*y + 1. Let x be b(m). What is the units digit of 3 - (3 + x)*31?
4
Let c(l) be the first derivative of l**4/2 - 2*l**3/3 + 5*l**2/2 - 9*l + 21. What is the hundreds digit of c(4)?
1
Suppose -q - 8*j = -3*j - 359, 0 = 3*q + 2*j - 1116. What is the tens digit of q?
7
Let g be -6*(4 - 3) + 0. Let m = -1 - g. What is the tens digit of (9 - 3)*m/2?
1
Let m(a) = 25*a + 106. What is the hundreds digit of m(17)?
5
What is the units digit of -1 + 4 + -7 + 1106?
2
Suppose 9*a - 13*a = -616. What is the tens digit of a?
5
Let t = 1727 + -1126. What is the tens digit of t?
0
Let p(g) = -g**3 - 21*g**2 + 16*g - 53. What is the tens digit of p(-22)?
7
Let n(r) = -5*r**2 + 5. Let p be n(-10). Let h = p + 735. What is the units digit of h?
0
Let c(f) = 6 + 4*f**2 - 5*f**2 - 2*f + 3*f. What is the units digit of c(0)?
6
Suppose -11*p + 15*p = -176. What is the units digit of (24/(-16))/(3/p)?
2
Suppose -2*a = 4*a + 102. What is the units digit of (-12)/(3 - 0) - a?
3
Suppose 3*a + 5 = -4*p + 1, -a = p. Suppose a*b - 54 = 3*x - 165, -b = 0. Suppose -3*c = x - 154. What is the units digit of c?
9
Let z = -86 + 78. What is the tens digit of ((-1)/3)/(z/3576)?
4
What is the thousands digit of 3449 + ((-18)/12)/(3/(-4))?
3
Let l(o) = o + 7. Let v be l(-4). Suppose 0 = v*j - 3*f - 261, j + 3*f = 3*j - 179. What is the tens digit of j?
8
Let m be (1 - 0)*(55 - (-4 - -1)). Suppose -m*v + 335 = -53*v. What is the tens digit of v?
6
What is the thousands digit of (-110222)/(-49) + 20/35?
2
Let z(l) = l**2 - 2. Let m = 8 + -6. Let g be z(m). Suppose 0 = g*x - 26 - 26. What is the units digit of x?
6
Let m(c) = c**2 - 3*c. Let n be m(4). Suppose k + n*k - 265 = 0. What is the units digit of k?
3
Let m = 1669 + -592. What is the thousands digit of m?
1
Let x = -2 - 0. Let v be 105/33 + x/11. Suppose -l - 4*l = -m - 4, 3*l - 78 = -v*m. What is the units digit of m?
1
Suppose -3*h + 444 - 15 = 0. Let s = 263 - h. What is the hundreds digit of s?
1
Let w = 33 - 36. Let p be 0*(15/(-6) - w). What is the units digit of (-5)/(p + 5)*-21?
1
Let y(w) = 2*w**3 - 2. Let i be y(2). Suppose -4*b + 2*t + i = 0, -t + 1 - 2 = 4*b. What is the units digit of b?
1
Let a(f) = -8*f + 91. Let w be a(11). Suppose -3*h = -4*s + 1350, s + 682 = w*s + 2*h. What is the tens digit of s?
3
Let m = 267 - -639. What is the hundreds digit of m?
9
Let k be (-3)/(-4)*(0 + 4). Suppose 0 = -2*c - k*c + 5. What is the units digit of (-2 + (2 - c))*-4?
4
Let l(k) = 72*k + 165. What is the tens digit of l(7)?
6
Let u(q) be the first derivative of -11*q**2/2 - 6*q - 6. Let z be u(-8). Suppose 3*v - 2*f = -2*v + 104, 0 = -4*v + 2*f + z. What is the units digit of v?
2
Suppose 3*v + 3*s - 52 = 41, 0 = 4*v - s - 139. Let j = v - -66. What is the units digit of j?
0
Let r(h) = h**3 - 9*h**2 + 7*h + 9. Let q be r(8). Suppose y + y + 3*t + 183 = 0, -2*t = -5*y - 486. What is the tens digit of (-1)/(100/y + q)?
2
Let v = 8 + -4. Let b be 24/v + (0 - 4). Suppose -56 = -b*x + x. What is the tens digit of x?
5
Let r = -10 - -9. What is the tens digit of (-282)/(-15) - r/5?
1
Suppose 26*h - 30*h + 20 = 0. What is the units digit of h?
5
Let u = 8 - 4. Let c be 10/(-20)*24/((-4)/2). Suppose -u*h + 5*v + 51 = 0, -3*v + c*v + 39 = 3*h. What is the units digit of h?
4
Let n = -138 - -201. Suppose -2*x = -n - 117. What is the units digit of x?
0
Let o(t) = 32*t**2 - t + 2. Let v be (8/24)/((-2)/(-6)). What is the units digit of o(v)?
3
Let f = -1 + 4. Suppose -2*d = -2*b - 4, 0 = -d - b + 4*b. Suppose w + w + 5*z = 27, 0 = -w + d*z - f. What is the units digit of w?
6
Suppose -4*w + 8 = -4, r = -2*w + 81. Suppose -4*l + 5*y = r, -l + 54 = -5*l - 2*y. Let g = -9 - l. What is the units digit of g?
6
What is the units digit of (-2)/3*72045/(-30)?
1
Let f(z) = 25*z**3 + 10*z**2 - 29*z + 49. What is the hundreds digit of f(5)?
2
Let a(x) = -x + 10. Let s be a(13). Let r be 24/18*s*1. What is the units digit of ((-4)/6)/(r/210)?
5
Suppose -b - 2*z = -24, 2*b - 3*z - 40 = z. Suppose -5*v = -2*d + 47, d - b = 5*v - v. What is the tens digit of d?
2
Let g be (-4)/(-3) - 2/(-3). Suppose -53 + 41 = -g*u. Suppose 0 = l - z + u*z - 42, -l + 2*z + 77 = 0. What is the units digit of l?
7
Let z(b) = 3*b**2 + b + 357. What is the tens digit of z(0)?
5
Let a(n) = 58*n + 29. What is the units digit of a(2)?
5
Let b(v) = -210*v + 704. What is the thousands digit of b(-18)?
4
Let f = 497 - 254. Suppose 4*k + f = 7*k. What is the tens digit of k?
8
Suppose -8*c + 415 - 71 = 0. Suppose -2*d = -37 - c. What is the units digit of d?
0
Let l be (-2)/4 - 8/((-96)/1974). Suppose -12 = 3*f, p = 6*p + 4*f - l. What is the tens digit of p?
3
Let k be ((-1)/(-4))/(2/632). Let x = -51 + k. What is the tens digit of x?
2
Suppose 77 = 6*b - 247. Let d = 104 - b. What is the units digit of d?
0
Suppose -32 = 11*o - 13*o. Suppose 5*l = o + 9. Suppose -l*v + 26 + 144 = 0. What is the tens digit of v?
3
Let t = -5463 + 9060. What is the tens digit of t?
9
Let v = -17 + 17. Suppose t = 3*t + 2, -3*b + t + 31 = v. Suppose 11*r - b*r = 15. What is the units digit of r?
5
Suppose 1017 = 4*l + 5*o, -11*o + 7*o + 246 = l. What is the tens digit of l?
5
Let f(p) = p**3 + 7*p**2 + p + 11. Let j(u) = -7*u**2 + 2*u - 8*u - 2 - 3 + 0 - u**3. Let b be j(-6). What is the units digit of f(b)?
6
Suppose 5*r + 128 = -22. Let c = -9 - r. What is the units digit of c?
1
Suppose -20*q + 3705 = -7*q. What is the hundreds digit of q?
2
Suppose -140 = 3*u - 248. What is the units digit of u?
6
Let v = 711 - -370. What is the hundreds digit of v?
0
Suppose -92 = 4*y - 0. Let m = -52 - y. Let q = 63 + m. What is the units digit of q?
4
Suppose -11*q - 440 = 2277. Let b = 4 - q. What is the hundreds digit of b?
2
What is the tens digit of (4236/(-18))/((-2)/3) - 2?
5
Let h = 392 + -41. Suppose -4*r = -5*s - h, 180 = 2*r + 4*s - 2. What is the tens digit of r?
8
What is the tens digit of (-12 - 127)*(-8 - (-1 + 2))?
5
Let r(k) = k**3 + 7*k**2 - 3*k - 15. Let j = 18 - 24. What is the units digit of r(j)?
9
Let d(v) = 1004*v**2 + 27*v - 13. What is the tens digit of d(2)?
5
What is the units digit of (-217)/(-3) - (-4)/(-12)?
2
Suppose 5*y = 9*a + 2*y - 12618, -2803 = -2*a + y. What is the units digit of a?
3
Let f = 44 + -39. Suppose -f*h + 124 = -156. What is the tens digit of h?
5
Let v be ((-24)/5)/((-23)/(-115)). Let f = 45 + v. What is the tens digit of f?
2
What is the units digit of (15/(-75))/(0 - (-3)/(-2055))?
7
Let y = -12 + 15. Suppose y*t - 6 = -k, -5*t - k = 4 - 16. What is the tens digit of t + (-2 - -1)*-8?
1
Suppose -910 = 22*c - 24*c - 3*m, -3*c + 1365 = 5*m. What is the tens digit of c?
5
Suppose 10 = 3*q + 34. Let l be (5/2)/((-2)/q). What is the tens digit of 206/l - (-3)/(-5)?
2
Let h = 7 + -7. Suppose -b - 4*z = -7*z - 17, 5*b - 4*z - 41 = h. Suppose 3*x = 5*k + 58, 0*x = b*x + 4*k - 109. What is the units digit of x?
1
Let u be -4 + ((-3)/(-2))/(18/18516). Suppose -387 = -5*p - 2*c + 1155, 0 = 5*p - c - u. What is the hundreds digit of p?
3
Suppose -5*c + 5 = -4*y, 8*y - 10 = 3*c + 